{"id":66,"date":"2026-04-29T13:07:59","date_gmt":"2026-04-29T13:07:59","guid":{"rendered":"https:\/\/luhanganosakaskunta.fi\/wordpress\/?page_id=66"},"modified":"2026-04-30T08:56:56","modified_gmt":"2026-04-30T08:56:56","slug":"pyydysten-merkitseminen","status":"publish","type":"page","link":"https:\/\/luhanganosakaskunta.fi\/wordpress\/?page_id=66","title":{"rendered":"Pyydysten merkitseminen"},"content":{"rendered":"\n<p><strong>Kalanpyydysten merkitseminen<\/strong><\/p>\n\n\n\n<p>Seisovien ja kiinteiden pyydysten, kuten verkko, katiska tai pitk\u00e4siima, selv\u00e4sti havaittava merkint\u00e4 on pakollista. Merkinn\u00e4n tarkoituksena on parantaa veneilyturvallisuutta ja helpottaa kalastuksenvalvontaa. Pyydyksiss\u00e4 vaaditaan k\u00e4ytett\u00e4v\u00e4n virallisia vesiliikennealueelle tarkoitettuja pyydysmerkkej\u00e4, joissa n\u00e4kyy pyydyksen haltijan yhteystiedot (nimi ja puhelinnumero). Luhangan Osakaskunnan vesialueilla on lis\u00e4ksi k\u00e4ytett\u00e4v\u00e4 kalastusoikeuden osoittavaa pyydysmerkki\u00e4.<\/p>\n\n\n\n<p>Vesiliikenteen k\u00e4ytt\u00e4mill\u00e4 alueilla muut kuin pintapyydykset on merkitt\u00e4v\u00e4 v\u00e4hint\u00e4\u00e4n 1,2 metri\u00e4 veden yl\u00e4puolelle ulottuvalla ja salkoon kiinnitetyll\u00e4 neli\u00f6n muotoisella lipulla, jonka sivun pituus on oltava v\u00e4hint\u00e4\u00e4n 20 senttimetri\u00e4 (kuva). Salossa tulee olla lis\u00e4ksi heijastin. Yli kymmenen metri\u00e4 pitk\u00e4 pyydys on merkitt\u00e4v\u00e4 merkill\u00e4 molemmista p\u00e4ist\u00e4\u00e4n. Pyydysten merkitsemist\u00e4 lis\u00e4tietoa:&nbsp;<a href=\"https:\/\/www.vapaa-ajankalastaja.fi\/kalastus\/perustietoa-kalastuksesta\/lait-ja-luvat\/pyydysten-merkinta\/?gad_source=1&amp;gad_campaignid=23730233690&amp;gbraid=0AAAAAo7H5T-sjfoITuiagHRrJP3pfkLMk\">vapaa-ajankalastaja.fi<\/a> <\/p>\n\n\n\n<figure class=\"wp-block-image size-full\"><img loading=\"lazy\" decoding=\"async\" width=\"510\" height=\"782\" src=\"https:\/\/luhanganosakaskunta.fi\/wordpress\/wp-content\/uploads\/2026\/04\/Pyydysmerkki-1.png\" alt=\"Pyydysmerkki\" class=\"wp-image-116\" srcset=\"https:\/\/luhanganosakaskunta.fi\/wordpress\/wp-content\/uploads\/2026\/04\/Pyydysmerkki-1.png 510w, https:\/\/luhanganosakaskunta.fi\/wordpress\/wp-content\/uploads\/2026\/04\/Pyydysmerkki-1-196x300.png 196w\" sizes=\"auto, (max-width: 510px) 100vw, 510px\" \/><figcaption class=\"wp-element-caption\">Pyydysmerkki<\/figcaption><\/figure>\n","protected":false},"excerpt":{"rendered":"<p>Kalanpyydysten merkitseminen Seisovien ja kiinteiden pyydysten, kuten verkko, katiska tai pitk\u00e4siima, selv\u00e4sti havaittava merkint\u00e4 on pakollista. Merkinn\u00e4n tarkoituksena on parantaa veneilyturvallisuutta ja helpottaa kalastuksenvalvontaa. Pyydyksiss\u00e4 vaaditaan k\u00e4ytett\u00e4v\u00e4n virallisia vesiliikennealueelle tarkoitettuja pyydysmerkkej\u00e4, joissa n\u00e4kyy pyydyksen haltijan yhteystiedot (nimi ja puhelinnumero). Luhangan Osakaskunnan vesialueilla on lis\u00e4ksi k\u00e4ytett\u00e4v\u00e4 kalastusoikeuden osoittavaa pyydysmerkki\u00e4. Vesiliikenteen k\u00e4ytt\u00e4mill\u00e4 alueilla muut kuin pintapyydykset on [&hellip;]<\/p>\n","protected":false},"author":1,"featured_media":0,"parent":0,"menu_order":0,"comment_status":"closed","ping_status":"closed","template":"","meta":{"footnotes":""},"class_list":["post-66","page","type-page","status-publish","hentry"],"_links":{"self":[{"href":"https:\/\/luhanganosakaskunta.fi\/wordpress\/index.php?rest_route=\/wp\/v2\/pages\/66","targetHints":{"allow":["GET"]}}],"collection":[{"href":"https:\/\/luhanganosakaskunta.fi\/wordpress\/index.php?rest_route=\/wp\/v2\/pages"}],"about":[{"href":"https:\/\/luhanganosakaskunta.fi\/wordpress\/index.php?rest_route=\/wp\/v2\/types\/page"}],"author":[{"embeddable":true,"href":"https:\/\/luhanganosakaskunta.fi\/wordpress\/index.php?rest_route=\/wp\/v2\/users\/1"}],"replies":[{"embeddable":true,"href":"https:\/\/luhanganosakaskunta.fi\/wordpress\/index.php?rest_route=%2Fwp%2Fv2%2Fcomments&post=66"}],"version-history":[{"count":4,"href":"https:\/\/luhanganosakaskunta.fi\/wordpress\/index.php?rest_route=\/wp\/v2\/pages\/66\/revisions"}],"predecessor-version":[{"id":117,"href":"https:\/\/luhanganosakaskunta.fi\/wordpress\/index.php?rest_route=\/wp\/v2\/pages\/66\/revisions\/117"}],"wp:attachment":[{"href":"https:\/\/luhanganosakaskunta.fi\/wordpress\/index.php?rest_route=%2Fwp%2Fv2%2Fmedia&parent=66"}],"curies":[{"name":"wp","href":"https:\/\/api.w.org\/{rel}","templated":true}]}}