{"id":103,"date":"2026-04-29T16:28:53","date_gmt":"2026-04-29T16:28:53","guid":{"rendered":"https:\/\/luhanganosakaskunta.fi\/wordpress\/?page_id=103"},"modified":"2026-04-29T16:28:53","modified_gmt":"2026-04-29T16:28:53","slug":"kalaston-hoito","status":"publish","type":"page","link":"https:\/\/luhanganosakaskunta.fi\/wordpress\/?page_id=103","title":{"rendered":"Kalaston hoito"},"content":{"rendered":"\n<p>Luhangan Osakaskunta on vuosina 2015\u20132024 istuttanut runsaasti kalanpoikasia (taulukko). Taimenten istutusm\u00e4\u00e4r\u00e4 on ollut pieni verrattuna muihin lajeihin, koska ne istutetaan isoina, noin 600 g:n painoisina. Kalanistutusta jatketaan tulevina vuosina.<\/p>\n\n\n\n<p>Lis\u00e4ksi Osakaskunta tukee vuosittain rahallisesti&nbsp;P\u00e4ij\u00e4nteen luonnonvarainen taimen -hanketta.<\/p>\n\n\n\n<figure class=\"wp-block-image size-large\"><img loading=\"lazy\" decoding=\"async\" width=\"1024\" height=\"703\" src=\"https:\/\/luhanganosakaskunta.fi\/wordpress\/wp-content\/uploads\/2026\/04\/Istutustaulukko-1024x703.png\" alt=\"\" class=\"wp-image-104\" srcset=\"https:\/\/luhanganosakaskunta.fi\/wordpress\/wp-content\/uploads\/2026\/04\/Istutustaulukko-1024x703.png 1024w, https:\/\/luhanganosakaskunta.fi\/wordpress\/wp-content\/uploads\/2026\/04\/Istutustaulukko-300x206.png 300w, https:\/\/luhanganosakaskunta.fi\/wordpress\/wp-content\/uploads\/2026\/04\/Istutustaulukko-768x527.png 768w, https:\/\/luhanganosakaskunta.fi\/wordpress\/wp-content\/uploads\/2026\/04\/Istutustaulukko.png 1378w\" sizes=\"auto, (max-width: 1024px) 100vw, 1024px\" \/><\/figure>\n\n\n\n<p>Kuvassa j\u00e4rvitaimenten istutus k\u00e4ynniss\u00e4 kev\u00e4\u00e4ll\u00e4 2024;<\/p>\n\n\n\n<figure class=\"wp-block-image size-large\"><img loading=\"lazy\" decoding=\"async\" width=\"1024\" height=\"768\" src=\"https:\/\/luhanganosakaskunta.fi\/wordpress\/wp-content\/uploads\/2026\/04\/Istutuskuva-1024x768.jpg\" alt=\"\" class=\"wp-image-105\" srcset=\"https:\/\/luhanganosakaskunta.fi\/wordpress\/wp-content\/uploads\/2026\/04\/Istutuskuva-1024x768.jpg 1024w, https:\/\/luhanganosakaskunta.fi\/wordpress\/wp-content\/uploads\/2026\/04\/Istutuskuva-300x225.jpg 300w, https:\/\/luhanganosakaskunta.fi\/wordpress\/wp-content\/uploads\/2026\/04\/Istutuskuva-768x576.jpg 768w, https:\/\/luhanganosakaskunta.fi\/wordpress\/wp-content\/uploads\/2026\/04\/Istutuskuva-1536x1152.jpg 1536w, https:\/\/luhanganosakaskunta.fi\/wordpress\/wp-content\/uploads\/2026\/04\/Istutuskuva.jpg 2016w\" sizes=\"auto, (max-width: 1024px) 100vw, 1024px\" \/><\/figure>\n","protected":false},"excerpt":{"rendered":"<p>Luhangan Osakaskunta on vuosina 2015\u20132024 istuttanut runsaasti kalanpoikasia (taulukko). Taimenten istutusm\u00e4\u00e4r\u00e4 on ollut pieni verrattuna muihin lajeihin, koska ne istutetaan isoina, noin 600 g:n painoisina. Kalanistutusta jatketaan tulevina vuosina. Lis\u00e4ksi Osakaskunta tukee vuosittain rahallisesti&nbsp;P\u00e4ij\u00e4nteen luonnonvarainen taimen -hanketta. Kuvassa j\u00e4rvitaimenten istutus k\u00e4ynniss\u00e4 kev\u00e4\u00e4ll\u00e4 2024;<\/p>\n","protected":false},"author":1,"featured_media":0,"parent":0,"menu_order":0,"comment_status":"closed","ping_status":"closed","template":"","meta":{"footnotes":""},"class_list":["post-103","page","type-page","status-publish","hentry"],"_links":{"self":[{"href":"https:\/\/luhanganosakaskunta.fi\/wordpress\/index.php?rest_route=\/wp\/v2\/pages\/103","targetHints":{"allow":["GET"]}}],"collection":[{"href":"https:\/\/luhanganosakaskunta.fi\/wordpress\/index.php?rest_route=\/wp\/v2\/pages"}],"about":[{"href":"https:\/\/luhanganosakaskunta.fi\/wordpress\/index.php?rest_route=\/wp\/v2\/types\/page"}],"author":[{"embeddable":true,"href":"https:\/\/luhanganosakaskunta.fi\/wordpress\/index.php?rest_route=\/wp\/v2\/users\/1"}],"replies":[{"embeddable":true,"href":"https:\/\/luhanganosakaskunta.fi\/wordpress\/index.php?rest_route=%2Fwp%2Fv2%2Fcomments&post=103"}],"version-history":[{"count":1,"href":"https:\/\/luhanganosakaskunta.fi\/wordpress\/index.php?rest_route=\/wp\/v2\/pages\/103\/revisions"}],"predecessor-version":[{"id":106,"href":"https:\/\/luhanganosakaskunta.fi\/wordpress\/index.php?rest_route=\/wp\/v2\/pages\/103\/revisions\/106"}],"wp:attachment":[{"href":"https:\/\/luhanganosakaskunta.fi\/wordpress\/index.php?rest_route=%2Fwp%2Fv2%2Fmedia&parent=103"}],"curies":[{"name":"wp","href":"https:\/\/api.w.org\/{rel}","templated":true}]}}